*l + o - 6 = -2*l, -4*o - q = -5*l. Is 153*(l - (-20)/(-12)) a prime number?
False
Let a(n) = -19*n**2 - 96*n - 5. Let m be a(-5). Suppose 0 = f + 1, -3*p + f + 12382 = -m*f. Is p prime?
True
Let v be (-11788)/3*((-21)/(-2) + -9). Let q = v + 11832. Is q a prime number?
False
Is (-479615906)/(-714) + (-40)/(-1020) a prime number?
False
Suppose v = -4*i + 15011, 170 - 186 = -4*i. Is v composite?
True
Let k(p) = -437*p**2 - 41*p + 5. Let z be k(-3). Let n = z + 6582. Is n a composite number?
False
Let o = 3903 + -740. Is o composite?
False
Let n(t) = 5*t - 11. Suppose -5*h = 0, a + 3*h + 2 - 3 = 0. Suppose -3*v + 13 = g, -2*v - 4*g + a = -1. Is n(v) composite?
True
Let n = -544410 - -862297. Is n composite?
False
Let b(u) = 235*u - 26. Let p = 118 + -99. Is b(p) a composite number?
True
Suppose 4*h + 15934 = 2*r - 0*r, -2*h + 3*r - 7965 = 0. Let v = h + 13796. Let p = -4509 + v. Is p prime?
True
Suppose -4*o + 71*r + 3575168 = 67*r, 3*o = 5*r + 2681390. Is o a prime number?
False
Let y(n) = -227*n**3 - 3*n**2 - 2*n - 1. Let i(p) = 455*p**3 + 5*p**2 + 4*p + 2. Let g(o) = 4*i(o) + 9*y(o). Is g(-2) a composite number?
False
Is (9/(-6))/((-2)/4) - (-1113684)/6 a composite number?
True
Suppose 645200 + 1282369 + 189132 = 9*h. Is h composite?
True
Suppose -2*j + 525853 = 5*d, d - 11*j = -10*j + 105165. Is d a prime number?
False
Suppose 3*u + x - 1085715 = -413199, 3*u - 5*x = 672498. Is u a composite number?
False
Let c = -220838 - -320061. Is c composite?
False
Let i be -6*36/(-9) + -4. Is (-19 + i)/(1 - 8628/8630) a prime number?
False
Let r(j) = -j**2 + 14*j - 10. Suppose -2*l + 4*v + 110 = 6*v, -4*l = -4*v - 260. Suppose 0 = -0*w - 5*w + l. Is r(w) a composite number?
True
Is (-4)/(-16)*(-14574980)/(-35) composite?
False
Let j = -70 + 78. Suppose -z - 4*n + 426 = 0, j*n + 1214 = 3*z + 4*n. Let w = z - 223. Is w composite?
True
Let n = 4236 - -1992. Let f = 6105 + n. Is f a prime number?
False
Suppose -4*g - 9 = -29. Suppose 5*d + g*c - 2*c - 153 = 0, 5*d - 2*c = 148. Is (-5)/d*3*-174 composite?
True
Let c(a) = -a**3 - 7*a**2 - 14*a - 6. Let n be c(-4). Suppose -816 = n*k + 2*k. Is (-1)/((-149)/k - (-9)/(-12)) a prime number?
False
Let m(t) be the first derivative of 50*t**3/3 + 67*t**2/2 - 25*t - 135. Is m(-18) a prime number?
True
Let t = -88648 - -208769. Is t a prime number?
True
Let t(h) = 116*h**2 - 68*h + 703. Is t(44) a prime number?
False
Let z(u) = -u**2 + 9*u + 8. Let o be z(8). Let g be 1 + (-5 - -5) + o. Let j(x) = x**3 - 16*x**2 + 3*x + 39. Is j(g) composite?
False
Suppose 0 = -2*w + 770 + 822. Let i = 2781 - w. Is i prime?
False
Let p(b) = b + 2. Let j(x) = -2*x**2 + 6*x + 6. Let t be j(5). Let d be p(t). Let i(u) = -41*u + 29. Is i(d) composite?
False
Suppose -1228*h + 741372 = -1216*h. Is h prime?
True
Is (2/8*67652420/(-165))/((-3)/9) prime?
True
Suppose -5*m + 6660 = -5*k, -515*m = -511*m - 5*k - 5323. Is m prime?
False
Let j = -2089 + 71190. Is j prime?
False
Suppose -2564666 - 8918128 = -18*q. Is q composite?
False
Suppose 194*i - 19625516 - 12553973 = -137*i. Is i a prime number?
False
Let y be 162/(-72) + 1/4. Is (3/y)/(114/(-282872)) a prime number?
False
Suppose 159*l - 8421205 = 94*l. Is l a composite number?
True
Let h(r) = -178*r**2 + 11*r. Let n be h(-2). Let y = n - -1645. Is y a prime number?
True
Let f(z) = -650*z**3 + 9*z**2 - 7*z - 1. Is f(-5) a composite number?
False
Let a = -263 + 268. Suppose 0 = -3*x + 4*w + 27691, 4*w - a*w = 1. Is x a prime number?
False
Suppose 0 = j + 11 - 8. Is (j - 1) + 1197 - (7 + -3) a prime number?
False
Suppose -3*l = -18*k - 263847, -76*l + 81*l = 2*k + 439661. Is l composite?
False
Let q(z) = -6*z + 46. Let w(j) = j**2 - 3*j + 7. Let k be w(3). Let b be q(k). Is ((-2)/b - 0) + 4542/4 a prime number?
False
Let y = -693 - -699. Suppose h - 5045 = -5*q + y*h, -5*q + 3*h + 5045 = 0. Is q a prime number?
True
Suppose -2*j - 3*z + 15 = j, 5*j - 3*z = 25. Suppose -5*h - n - 8 = 0, 0*h = -3*h + j*n - 16. Is -2 - -227 - (h + 4) a prime number?
True
Let w be (-1 - (-2)/10)/((-4)/10). Suppose -2*g - 4040 = -4*y, 0*g + 5041 = 5*y + w*g. Is y prime?
True
Suppose -98*o = 27*o - 638875. Is o a prime number?
False
Let o(m) = 7*m**2 + 2*m + 3. Let i be o(-1). Suppose -29*p = -i*p - 480291. Is p prime?
True
Let g = 399371 + -204180. Is g composite?
True
Suppose 5*o - 677 = -4*w, 2*o - 16 = 5*w + 268. Suppose 2*d = f - 72, 2*d + 147 - 507 = -5*f. Let v = o + f. Is v a prime number?
False
Suppose -3*k + 2406 = 3*q, 3*q + k - 2416 = -0*k. Suppose -2*y + y + 819 = 3*z, -q = -3*z + 3*y. Let n = z + -183. Is n composite?
False
Let q(s) = s**3 - 14*s**2 - 18*s + 42. Let g be q(15). Is (g*(-6)/12)/((-12)/(-52376)) a composite number?
False
Suppose 0 = -14*a + 708607 + 818359. Is a prime?
False
Suppose -4*k - 3214 = -s + 4844, -40269 = -5*s - k. Let c = s + 3953. Is c a composite number?
False
Let q(a) = 2*a**2 - 11*a - 18. Let c be q(7). Suppose t + 2*u - 60 - 242 = 0, -4*u + 902 = c*t. Is t composite?
True
Let d = 1488380 - 777277. Is d prime?
False
Let i = 6036 - 8594. Suppose 0 = 86*m - 30*m - 219576. Let b = m + i. Is b a prime number?
False
Suppose -41*b + 32256 = -20*b. Let w = b + -903. Is w a prime number?
False
Suppose 25 + 0 = -q - 5*o, -5 = -5*q + o. Let i be 2/4 + q - (-3)/2. Suppose -i*h + 285 + 125 = 0. Is h prime?
False
Let i(k) = -5*k**3 - 2*k**2 - k. Let n be i(-1). Suppose n*m - 4*f = 16, 4 = 3*m + 4*f - 1. Suppose 11*t = m*t + 17224. Is t a composite number?
False
Is (-7)/(-4) - (20 - (-2436503)/(-76)) composite?
True
Suppose 195263 - 5969695 = -79*v + 2658107. Is v prime?
False
Let k(h) = 37051*h**2 + 279*h + 1153. Is k(-4) prime?
True
Suppose 9*l - 5354 - 15886 = 0. Suppose 0 = -4*r - 4*a + l, 5*r + 0*r - a - 2944 = 0. Is r composite?
True
Let z = -232961 - -365470. Is z a composite number?
True
Let l(a) be the first derivative of 6*a**3 + 2*a**2 - 11*a - 77. Is l(-6) prime?
True
Let p(j) = -125*j**3 - 2*j**2 + 2*j + 8. Let k(u) = -10 - 23 - u**2 - 16 + 21*u + 8. Let x be k(19). Is p(x) a composite number?
False
Suppose -4*y + 113 = 2*l - l, -39 = -2*y + 3*l. Is 3*(-9)/y + 4472 a prime number?
False
Let v = -15509 + 70416. Is v a prime number?
True
Let o(s) = s**3 + 25*s**2 - 57*s - 86. Let j be o(-27). Let l(b) = 224*b**2 + 8*b + 9. Is l(j) prime?
True
Suppose 3*x - 18223 + 2503 = 0. Suppose -7*b + x = b. Let i = b - 338. Is i a composite number?
False
Let k be 1 + 0 - -1*4. Suppose 1870 = 3*h - 2*f, h - k*f + 336 = 968. Suppose -t + 4 = 0, 2*a + 0*t + 2*t = h. Is a a prime number?
True
Let m(k) = 22*k**3 - 2*k**2 + 1. Let f be m(1). Let j = -19 + f. Suppose -h + d = -228, -2*d + 217 + 259 = j*h. Is h a prime number?
True
Suppose 26*n + 11580 = 21*n. Let a = -1205 - n. Is a composite?
True
Let d(i) = 665*i**3 - 20*i + 13. Let m be d(6). Suppose -2*k - 2*l = -80472, 5*k = 5*l + 57647 + m. Suppose -2*p = 10*p - k. Is p composite?
True
Is 29601 + (15/(-6) - (-12)/(-8)) a prime number?
False
Let j = -43480 - -171581. Is j composite?
True
Suppose 3*r + 567 = -2802. Is (r/4 + 1)/(6/(-8)) a prime number?
True
Let m(q) = 5715*q**3 - 5*q**2 - 5*q + 4. Let h(w) = 11432*w**3 - 11*w**2 - 11*w + 7. Let l(u) = -4*h(u) + 7*m(u). Is l(-1) a prime number?
False
Let j be ((-2)/(-3))/((-16)/(-2664)). Let l be j*-4*4/(-48). Let r = l - -48. Is r a prime number?
False
Let z = 131765 + -83428. Is z prime?
True
Suppose 5*w + 28 = -2*m, -4*m = -3*w + 8*w + 46. Let n(d) = -2*d**3 + 17*d**2 - 2*d + 8. Is n(m) composite?
False
Let b(n) = -3*n + 3. Let d = 36 - 36. Let p be b(d). Suppose 535 = p*z + 3*m - 4*m, 2*z - 4*m = 370. Is z prime?
False
Suppose -259*k - 32 = -263*k, 5*k + 3424834 = 2*b. Is b prime?
True
Is (13414 - -52)*3/(3 + 3) prime?
True
Suppose -90 = 5*o - 14*o. Let v be 3/(-1*(-6)/o). Let h(t) = 29*t**2 - 3*t + 9. Is h(v) a prime number?
True
Suppose 342*u + 217 = 349*u. Suppose -45236 - 264299 = -u*o. Is o prime?
False
Suppose -9*s = -4*s + 6865. Let q = 2622 + s. Is q a prime number?
True
Let v(z) = -4*z**2 + z - 35. Let x be v(0). Is x/(-14)*(2 + (-1496)/(-10)) a composite number?
False
Let d be 1*145 - 24/12. Let l = d + -25. Is l composite?
True
Let k = -601543 + 1175180. Is k a prime number?
True
Suppose 5*z - 92 = -77. Suppose -4*v - 2*j = -58786, -z*j - 19121 = -3*v + 24991. Is v a pri